mmon factor of 41 and v?
41
Suppose 0 = 2*a - 2*p - 0*p - 70, -4*a - 5*p + 176 = 0. What is the highest common divisor of a and 91?
13
Let b = 5 - 3. Let n(a) = -8 + a**2 - 4*a + 4 + a**2. Let m be n(4). What is the highest common divisor of m and b?
2
Let p = -9 + 4. Let z be 2/((p/12)/(-5)). Calculate the highest common factor of z and 36.
12
Let r be (-6)/10 + 371/35. What is the highest common factor of 80 and r?
10
Let l = -4 - -2. Let p be 1 + 20 + (-3 - l). Let b be ((-300)/6)/(2/(-2)). What is the greatest common factor of b and p?
10
Let h be -1 + -4 + (-1 - -4). Let s be (-5)/((-15)/18) + h. What is the greatest common divisor of s and 16?
4
Suppose 4*w + 2*z + 0*z = 16, 0 = 3*w + z - 11. Suppose -3*r + 5 = -u, w*r - 11 = 2*r + 5*u. Let n = -16 + 23. What is the greatest common divisor of n and r?
1
Suppose 0 = -x + 6*x - 30. Suppose 52 = g - 4*f, -5*g - f + 241 = -2*f. Calculate the greatest common factor of x and g.
6
Let y = -33 + 75. Calculate the highest common factor of y and 7.
7
Let r = 377 + -222. What is the greatest common divisor of r and 31?
31
Suppose 10 = 5*i + 2*r, 5*r - 4 = i - 3*i. Suppose i*v + 2*c + 172 = 5*v, 0 = -2*c + 8. Calculate the greatest common divisor of 12 and v.
12
Suppose -3 = -2*y + 1. Suppose y = -a + 5*m + 9, -a - 2*m = 0. Let q(g) = -13*g**3 + 2*g**2 - 1. Let u be q(-1). What is the greatest common factor of a and u?
2
Suppose 4*f + 11*j - 10*j - 621 = 0, 5*f = -2*j + 780. Calculate the greatest common divisor of 14 and f.
14
Let u(m) = 5*m**3 - 2*m + 1. Let v be 1/(-3) + 2/6. Let k be 1 - v*1/(-3). Let c be u(k). Calculate the highest common factor of c and 44.
4
Let o = 113 + -71. What is the highest common factor of 105 and o?
21
Let g = 9 - 6. Let k be (-72)/10*(-10)/g. Calculate the greatest common factor of 3 and k.
3
Suppose 4*g + 5*z - 20 = 0, -3*g + g - 5*z = -20. Suppose 4*m + g*m - 48 = 0. Calculate the greatest common divisor of m and 4.
4
Let c(t) = 2*t**2 + 18*t - 5. Let q be c(-10). What is the greatest common divisor of 75 and q?
15
Suppose 0 = 3*k + 6 + 12. Let r be (-96)/18 - 2/k. Let m(v) = -v**3 - 3*v**2 + 8*v + 3. Let c be m(r). What is the greatest common factor of c and 13?
13
Suppose -58*f = -61*f + 105. Calculate the greatest common factor of f and 35.
35
Let a = -74 + 118. Calculate the highest common factor of a and 4.
4
Let s be (-4 - -4) + 0/2. Let o = 5 + s. Calculate the highest common factor of o and 20.
5
Let n(s) be the second derivative of 0 + 1/3*s**3 - s**2 + s. Let i be n(6). Calculate the greatest common divisor of 50 and i.
10
Suppose -147 = -3*t + 2*x, -3*x + 45 + 66 = 2*t. Calculate the highest common factor of t and 408.
51
Let a be (-346)/(-4) + 3/2. Let t(v) = 3*v - 7. Let i be t(6). Calculate the highest common divisor of i and a.
11
Suppose 2*p - z + 4*z = 11, 4*p - 21 = -5*z. Let d be 57/2 - 2/4. What is the highest common factor of d and p?
4
Let f be (-3 + 2)/((-6)/18). Suppose -z + 20 - 57 = 0. Let m = -10 - z. Calculate the highest common factor of f and m.
3
Suppose -10*v = -6*v - 28. Calculate the greatest common factor of v and 77.
7
Let n = -6 + 7. Suppose 0 = -o + 17 + n. Calculate the highest common divisor of 90 and o.
18
Let q be (20/6)/(18/27). Suppose 254 - 29 = 5*z. What is the highest common factor of q and z?
5
Suppose 3*s + 12 = -0*s + 4*f, 4*f = -s + 12. Let i be ((-2)/(-1) - -1) + s. What is the highest common divisor of i and 1?
1
Let m be 564/10 + (-2)/5. Let s be (m/(-21))/((-2)/6). Suppose 2 = -w + 18. Calculate the greatest common divisor of w and s.
8
Let m(j) = j + 17. Let n be m(15). Calculate the highest common divisor of 16 and n.
16
Suppose -4*f + 5*x = 9, -6*f = -f - 4*x. Suppose 2*s = -3*s - f*l + 72, l = 3. Let q be (-1 - (-12)/3)*s. What is the greatest common divisor of q and 12?
12
Suppose 2*w - 35 = -3*w. Suppose o - b - 61 = -6*b, -3*o = 4*b - 172. What is the greatest common factor of w and o?
7
Let y = -23 - -47. What is the greatest common divisor of y and 24?
24
Let h(m) = m**3 - 7*m**2 - 3*m - 20. Let t be h(8). Calculate the greatest common divisor of 20 and t.
20
Let n = -11 + 8. Let g = n + 4. Suppose 4*u = v + 24, -2*u + 21 + g = 2*v. Calculate the greatest common factor of u and 21.
7
Let u(y) = y**3 - 16*y**2 + 16*y - 1. Let f be u(15). Calculate the greatest common factor of 112 and f.
14
Let q be (61 - 1) + 12 + -10. Calculate the highest common factor of 93 and q.
31
Suppose -4*g - 3*g = -21. What is the greatest common divisor of g and 6?
3
Let j = 4 + -3. Suppose -f + 2*s - 5 = 0, f - 21 = -3*s - j. Let v be ((-2)/10)/(2/(-10)). Calculate the greatest common factor of v and f.
1
Let j be (-8)/(-36) - 104/(-18). Let t be 2*-91*(-3)/j. What is the greatest common factor of 13 and t?
13
Let z = -2 + 5. Suppose -4*i + 2*s + 545 = -z*s, -3*i - 5*s + 365 = 0. Calculate the highest common divisor of 52 and i.
26
Suppose 0 = 5*q + w - 6*w - 165, w - 107 = -3*q. Calculate the greatest common divisor of 28 and q.
7
Let k(s) = -2*s + 1. Suppose 4*t - 1 + 17 = 0. Let v be k(t). Calculate the highest common divisor of v and 36.
9
Suppose 2*w = b + 22, 5 = -3*b - 1. Suppose w = 5*q - 0*q. What is the greatest common factor of q and 14?
2
Suppose 0 = 3*r - 76 + 22. Calculate the highest common divisor of r and 45.
9
Let c be (-2)/11 + (-1192)/(-22). Let x be 1*7*1 + -1. Calculate the greatest common divisor of x and c.
6
Let g be -1 + 0 + (-423)/(-3). Let z = 203 - g. Suppose 2*q = -3*x + 5*q + z, 2*x + 5*q = 49. Calculate the greatest common factor of 2 and x.
2
Let s = 7 + 13. What is the highest common factor of s and 80?
20
Let y be (-5)/(-2) + (-2)/4. Suppose 0 = -4*q + 6*q - 8. Suppose -y + 30 = q*s. What is the greatest common divisor of s and 56?
7
Let z(f) = -f**3 - 14*f**2 - 14*f + 27. Let d be z(-13). Calculate the greatest common factor of d and 60.
20
Suppose -d - 24 = -7*d. What is the highest common factor of 6 and d?
2
Suppose 131 = 5*t - 4*w, 4*t + 2*w - 6*w = 108. What is the highest common divisor of 253 and t?
23
Suppose -5*h + 113 = -7. What is the highest common divisor of 16 and h?
8
Suppose 0*i - 2*l + 18 = 5*i, 12 = 3*l. Let q(p) = 2*p**2 + 7*p + 4. Let t be q(-4). Let m be i/(-4) - (-108)/t. What is the highest common factor of 65 and m?
13
Let v(w) = -2*w - 1. Let x be v(-2). Suppose 0 = x*n - 5*f - 40, 25 = 5*n - 5*f - 25. Suppose -n + 0 = -p. Calculate the greatest common factor of 15 and p.
5
Let p = -7 - -17. Suppose 2*k = -f + 27, 2*k - k + f = 12. Calculate the greatest common divisor of p and k.
5
Let k(v) = 23*v - 6. Let y be k(3). What is the greatest common divisor of y and 14?
7
Let o(f) = f**2 - 10*f + 1. Let j be o(-3). What is the highest common factor of j and 320?
40
Suppose 0 + 27 = 3*j. Let n = j + -2. What is the highest common divisor of 35 and n?
7
Let s = 59 + -54. Calculate the highest common divisor of 35 and s.
5
Let h(x) = 4*x**2 - 10*x - 6. Let f be h(5). Calculate the highest common divisor of 66 and f.
22
Let i(b) = -b + 37. Let y be i(7). What is the greatest common factor of 15 and y?
15
Suppose 66 - 414 = -3*y - 5*m, -5*y + 3*m + 580 = 0. What is the highest common factor of 29 and y?
29
Let j(b) = -2*b - 8. Let z be j(-3). Let v be (21/z)/((-3)/4). What is the greatest common factor of 154 and v?
14
Let x be 3 + -3*8/3. Let y(b) = -3*b + 3. Let o be y(x). What is the highest common divisor of 6 and o?
6
Suppose 2 = l - 28. Let t = -4 + l. What is the greatest common factor of t and 130?
26
Suppose -k + 34 = 2*u, u + 4*u + 6 = k. Let o = 56 - -9. Calculate the greatest common divisor of k and o.
13
Let o = -53 + 118. Let h be (-3)/(-9) + 76/6. Calculate the greatest common divisor of h and o.
13
Let w be 2 + (-4)/((-12)/9). Suppose 4*z + 2*h = -44 - 24, 3*z - h = -56. Let f be (-2)/7 + z/(-14). What is the greatest common divisor of w and f?
1
Suppose r - 28 = -3*m, 3*r - 78 = -2*m - 15. Let x = 7 + 12. Calculate the highest common divisor of x and r.
19
Let y(x) = x**2 + 2*x - 3. Let d be y(-6). What is the greatest common factor of d and 3?
3
Let k(a) = -a**3 - a**2 + a + 56. Let l be k(0). Suppose 2*h - h - 2 = 0, -2*h = -2*p + 10. What is the highest common factor of p and l?
7
Let c be ((-2)/4)/((-1)/(-2)). Suppose -4 = -3*y + 5. Let l = y + c